{"id":53351,"date":"2025-12-01T09:39:12","date_gmt":"2025-12-01T08:39:12","guid":{"rendered":"https:\/\/itech.lukasiewicz.gov.pl\/?post_type=wyniki_naborow_nowe&#038;p=53351"},"modified":"2025-12-01T09:40:16","modified_gmt":"2025-12-01T08:40:16","slug":"specjalista-ds-adminstracyjno-organizacyjnych","status":"publish","type":"wyniki_naborow_nowe","link":"https:\/\/itech.lukasiewicz.gov.pl\/en\/wyniki_naborow_nowe\/specjalista-ds-adminstracyjno-organizacyjnych\/","title":{"rendered":"SPECJALISTA DS. ADMINSTRACYJNO ORGANIZACYJNYCH"},"content":{"rendered":"\n<h2 class=\"wp-block-heading has-text-align-center\">(Nr referencyjny 2\/10\/2025\/AM\/198)<\/h2>\n\n\n\n<ul class=\"wp-block-list\">\n<li>Wybrana kandydatka: Magdalena Marczy\u0144ska <\/li>\n\n\n\n<li>Uzasadnienie: Wybrana kandydatka w najwi\u0119kszym stopniu spe\u0142ni\u0142a oczekiwania stawiane w procesie rekrutacyjnym.<\/li>\n<\/ul>\n\n\n\n<p><\/p>\n\n\n\n<p><\/p>\n","protected":false},"featured_media":0,"template":"","class_list":["post-53351","wyniki_naborow_nowe","type-wyniki_naborow_nowe","status-publish","hentry"],"acf":[],"publishpress_future_workflow_manual_trigger":{"enabledWorkflows":[]},"_links":{"self":[{"href":"https:\/\/itech.lukasiewicz.gov.pl\/en\/wp-json\/wp\/v2\/wyniki_naborow_nowe\/53351","targetHints":{"allow":["GET"]}}],"collection":[{"href":"https:\/\/itech.lukasiewicz.gov.pl\/en\/wp-json\/wp\/v2\/wyniki_naborow_nowe"}],"about":[{"href":"https:\/\/itech.lukasiewicz.gov.pl\/en\/wp-json\/wp\/v2\/types\/wyniki_naborow_nowe"}],"version-history":[{"count":0,"href":"https:\/\/itech.lukasiewicz.gov.pl\/en\/wp-json\/wp\/v2\/wyniki_naborow_nowe\/53351\/revisions"}],"wp:attachment":[{"href":"https:\/\/itech.lukasiewicz.gov.pl\/en\/wp-json\/wp\/v2\/media?parent=53351"}],"curies":[{"name":"wp","href":"https:\/\/api.w.org\/{rel}","templated":true}]}}

<h2 class="wp-block-heading has-text-align-center">(Nr referencyjny 2/10/2025/AM/198)</h2>



<ul class="wp-block-list">
<li>Wybrana kandydatka: Magdalena Marczyńska </li>



<li>Uzasadnienie: Wybrana kandydatka w największym stopniu spełniła oczekiwania stawiane w procesie rekrutacyjnym.</li>
</ul>



<p></p>



<p></p>
