{"id":51065,"date":"2025-09-02T12:48:21","date_gmt":"2025-09-02T10:48:21","guid":{"rendered":"https:\/\/itech.lukasiewicz.gov.pl\/?post_type=wyniki_naborow_nowe&#038;p=51065"},"modified":"2025-09-02T15:59:51","modified_gmt":"2025-09-02T13:59:51","slug":"lider-obszaru-zastepca-kierownika-dzialu-ksiegowosci-i-kadr","status":"publish","type":"wyniki_naborow_nowe","link":"https:\/\/itech.lukasiewicz.gov.pl\/en\/wyniki_naborow_nowe\/lider-obszaru-zastepca-kierownika-dzialu-ksiegowosci-i-kadr\/","title":{"rendered":"LIDER OBSZARU -Zast\u0119pca Kierownika Dzia\u0142u Ksi\u0119gowo\u015bci i Kadr"},"content":{"rendered":"\n<h2 class=\"wp-block-heading has-text-align-center\">(Nr referencyjny (1\/6\/2025\/AM\/193)<\/h2>\n\n\n\n<p><\/p>\n\n\n\n<ul class=\"wp-block-list\">\n<li>Wybrana kandydatka: nie wy\u0142aniano kandydata<\/li>\n\n\n\n<li>Uzasadnienie:  zamkni\u0119to proces rekrutacyjny z uwagi na zmian\u0119 decyzji. <\/li>\n<\/ul>\n","protected":false},"featured_media":0,"template":"","class_list":["post-51065","wyniki_naborow_nowe","type-wyniki_naborow_nowe","status-publish","hentry"],"acf":[],"publishpress_future_workflow_manual_trigger":{"enabledWorkflows":[]},"_links":{"self":[{"href":"https:\/\/itech.lukasiewicz.gov.pl\/en\/wp-json\/wp\/v2\/wyniki_naborow_nowe\/51065","targetHints":{"allow":["GET"]}}],"collection":[{"href":"https:\/\/itech.lukasiewicz.gov.pl\/en\/wp-json\/wp\/v2\/wyniki_naborow_nowe"}],"about":[{"href":"https:\/\/itech.lukasiewicz.gov.pl\/en\/wp-json\/wp\/v2\/types\/wyniki_naborow_nowe"}],"version-history":[{"count":0,"href":"https:\/\/itech.lukasiewicz.gov.pl\/en\/wp-json\/wp\/v2\/wyniki_naborow_nowe\/51065\/revisions"}],"wp:attachment":[{"href":"https:\/\/itech.lukasiewicz.gov.pl\/en\/wp-json\/wp\/v2\/media?parent=51065"}],"curies":[{"name":"wp","href":"https:\/\/api.w.org\/{rel}","templated":true}]}}

LIDER OBSZARU -Zastępca Kierownika Działu Księgowości i Kadr

<h2 class="wp-block-heading has-text-align-center">(Nr referencyjny (1/6/2025/AM/193)</h2>



<p></p>



<ul class="wp-block-list">
<li>Wybrana kandydatka: nie wyłaniano kandydata</li>



<li>Uzasadnienie:  zamknięto proces rekrutacyjny z uwagi na zmianę decyzji. </li>
</ul>
