{"id":50187,"date":"2025-07-28T10:22:30","date_gmt":"2025-07-28T08:22:30","guid":{"rendered":"https:\/\/itech.lukasiewicz.gov.pl\/?post_type=wyniki_naborow_nowe&#038;p=50187"},"modified":"2025-07-28T10:22:32","modified_gmt":"2025-07-28T08:22:32","slug":"glowny-specjalista-w-dziale-polityk-publicznych-2","status":"publish","type":"wyniki_naborow_nowe","link":"https:\/\/itech.lukasiewicz.gov.pl\/en\/wyniki_naborow_nowe\/glowny-specjalista-w-dziale-polityk-publicznych-2\/","title":{"rendered":"G\u0141\u00d3WNY SPECJALISTA W DZIALE POLITYK PUBLICZNYCH"},"content":{"rendered":"\n<p><\/p>\n\n\n\n<p><\/p>\n\n\n\n<h2 class=\"wp-block-heading has-text-align-center\">(Nr referencyjny 3\/6\/2025\/AM\/195)<\/h2>\n\n\n\n<ul class=\"wp-block-list\">\n<li>Wybrany kandydat: Krzysztof Chaczko zam. Krak\u00f3w<\/li>\n\n\n\n<li>Uzasadnienie: Wybrany kandydat w najwi\u0119kszym stopniu spe\u0142ni\u0142 oczekiwania stawiane w procesie rekrutacyjnym.<\/li>\n<\/ul>\n\n\n\n<p><\/p>\n\n\n\n<p><\/p>\n","protected":false},"featured_media":0,"template":"","class_list":["post-50187","wyniki_naborow_nowe","type-wyniki_naborow_nowe","status-publish","hentry"],"acf":[],"publishpress_future_workflow_manual_trigger":{"enabledWorkflows":[]},"_links":{"self":[{"href":"https:\/\/itech.lukasiewicz.gov.pl\/en\/wp-json\/wp\/v2\/wyniki_naborow_nowe\/50187","targetHints":{"allow":["GET"]}}],"collection":[{"href":"https:\/\/itech.lukasiewicz.gov.pl\/en\/wp-json\/wp\/v2\/wyniki_naborow_nowe"}],"about":[{"href":"https:\/\/itech.lukasiewicz.gov.pl\/en\/wp-json\/wp\/v2\/types\/wyniki_naborow_nowe"}],"version-history":[{"count":0,"href":"https:\/\/itech.lukasiewicz.gov.pl\/en\/wp-json\/wp\/v2\/wyniki_naborow_nowe\/50187\/revisions"}],"wp:attachment":[{"href":"https:\/\/itech.lukasiewicz.gov.pl\/en\/wp-json\/wp\/v2\/media?parent=50187"}],"curies":[{"name":"wp","href":"https:\/\/api.w.org\/{rel}","templated":true}]}}

GŁÓWNY SPECJALISTA W DZIALE POLITYK PUBLICZNYCH

<p></p>



<p></p>



<h2 class="wp-block-heading has-text-align-center">(Nr referencyjny 3/6/2025/AM/195)</h2>



<ul class="wp-block-list">
<li>Wybrany kandydat: Krzysztof Chaczko zam. Kraków</li>



<li>Uzasadnienie: Wybrany kandydat w największym stopniu spełnił oczekiwania stawiane w procesie rekrutacyjnym.</li>
</ul>



<p></p>



<p></p>
