{"id":49014,"date":"2025-06-30T12:16:06","date_gmt":"2025-06-30T10:16:06","guid":{"rendered":"https:\/\/itech.lukasiewicz.gov.pl\/?post_type=wyniki_naborow_nowe&#038;p=49014"},"modified":"2025-06-30T12:23:40","modified_gmt":"2025-06-30T10:23:40","slug":"starszy-specjalista-glowny-specjalista-ds-kadr-i-plac","status":"publish","type":"wyniki_naborow_nowe","link":"https:\/\/itech.lukasiewicz.gov.pl\/en\/wyniki_naborow_nowe\/starszy-specjalista-glowny-specjalista-ds-kadr-i-plac\/","title":{"rendered":"STARSZY SPECJALISTA\/G\u0141\u00d3WNY SPECJALISTA DS. KADR I P\u0141AC"},"content":{"rendered":"\n<p>1\/3\/2025\/BG\/182<\/p>\n\n\n\n<p><br> Uzasadnienie dokonanego wyboru kandydata albo niezatrudnienia<br>\u017cadnego kandydata: Brak kandydata spe\u0142niaj\u0105cego oczekiwania<br>pracodawcy na stanowisku pracy obj\u0119tym naborem.<\/p>\n","protected":false},"featured_media":0,"template":"","class_list":["post-49014","wyniki_naborow_nowe","type-wyniki_naborow_nowe","status-publish","hentry"],"acf":[],"publishpress_future_workflow_manual_trigger":{"enabledWorkflows":[]},"_links":{"self":[{"href":"https:\/\/itech.lukasiewicz.gov.pl\/en\/wp-json\/wp\/v2\/wyniki_naborow_nowe\/49014","targetHints":{"allow":["GET"]}}],"collection":[{"href":"https:\/\/itech.lukasiewicz.gov.pl\/en\/wp-json\/wp\/v2\/wyniki_naborow_nowe"}],"about":[{"href":"https:\/\/itech.lukasiewicz.gov.pl\/en\/wp-json\/wp\/v2\/types\/wyniki_naborow_nowe"}],"version-history":[{"count":0,"href":"https:\/\/itech.lukasiewicz.gov.pl\/en\/wp-json\/wp\/v2\/wyniki_naborow_nowe\/49014\/revisions"}],"wp:attachment":[{"href":"https:\/\/itech.lukasiewicz.gov.pl\/en\/wp-json\/wp\/v2\/media?parent=49014"}],"curies":[{"name":"wp","href":"https:\/\/api.w.org\/{rel}","templated":true}]}}

STARSZY SPECJALISTA/GŁÓWNY SPECJALISTA DS. KADR I PŁAC

<p>1/3/2025/BG/182</p>



<p><br> Uzasadnienie dokonanego wyboru kandydata albo niezatrudnienia<br>żadnego kandydata: Brak kandydata spełniającego oczekiwania<br>pracodawcy na stanowisku pracy objętym naborem.</p>
