{"id":49951,"date":"2025-07-22T13:03:13","date_gmt":"2025-07-22T11:03:13","guid":{"rendered":"https:\/\/itech.lukasiewicz.gov.pl\/?p=49951"},"modified":"2026-03-09T14:58:30","modified_gmt":"2026-03-09T13:58:30","slug":"reconnect-higiena-cyfrowa-dzieci-i-mlodziezy-wybrane-programy-edukacyjne-oraz-kampanie-spoleczne","status":"publish","type":"publikacje","link":"https:\/\/itech.lukasiewicz.gov.pl\/en\/publikacje\/reconnect-higiena-cyfrowa-dzieci-i-mlodziezy-wybrane-programy-edukacyjne-oraz-kampanie-spoleczne\/","title":{"rendered":"ReConnect. Higiena cyfrowa dzieci i m\u0142odzie\u017cy. Wybrane programy edukacyjne oraz kampanie spo\u0142eczne"},"excerpt":{"rendered":"<p>\ud83d\udcac Z raportu &#8220;Nastolatki 3.0&#8221; NASK wynika, \u017ce m\u0142odzie\u017c w Polsce korzysta z internetu \u015brednio 5 godz. 36 min dziennie w dni powszednie, a w weekendy nawet 6 godz. 16 min. \ud83d\udce3 Co czwarty nastolatek ma 5\u20138 kont w mediach spo\u0142eczno\u015bciowych, jedna trzecia wi\u0119cej ni\u017c osiem. \u231b Dzienny czas aktywno\u015bci w social mediach wynosi przeci\u0119tnie [&hellip;]<\/p>\n","protected":false},"author":257,"featured_media":59186,"template":"","meta":{"_acf_changed":false,"_seopress_robots_primary_cat":"","_seopress_titles_title":"ReConnect Higiena cyfrowa dzieci i m\u0142odzie\u017cy. Wybrane programy edukacyjne oraz kampanie spo\u0142eczne \u0141ukasiewicz - ITECH","_seopress_titles_desc":"Smartfony w szko\u0142ach czy zakaz przynoszenia telefon\u00f3w kom\u00f3rkowych zapewni uczniom bezpieczne dzieci\u0144stwo","_seopress_robots_index":"","inline_featured_image":false},"obszary":[151],"typ-publikacji":[],"class_list":["post-49951","publikacje","type-publikacje","status-publish","has-post-thumbnail","hentry","obszary-inne"],"acf":{"czas_czytania":"3","wyroznij":false},"publishpress_future_workflow_manual_trigger":{"enabledWorkflows":[]},"_links":{"self":[{"href":"https:\/\/itech.lukasiewicz.gov.pl\/en\/wp-json\/wp\/v2\/publikacje\/49951","targetHints":{"allow":["GET"]}}],"collection":[{"href":"https:\/\/itech.lukasiewicz.gov.pl\/en\/wp-json\/wp\/v2\/publikacje"}],"about":[{"href":"https:\/\/itech.lukasiewicz.gov.pl\/en\/wp-json\/wp\/v2\/types\/publikacje"}],"author":[{"embeddable":true,"href":"https:\/\/itech.lukasiewicz.gov.pl\/en\/wp-json\/wp\/v2\/users\/257"}],"version-history":[{"count":5,"href":"https:\/\/itech.lukasiewicz.gov.pl\/en\/wp-json\/wp\/v2\/publikacje\/49951\/revisions"}],"predecessor-version":[{"id":50097,"href":"https:\/\/itech.lukasiewicz.gov.pl\/en\/wp-json\/wp\/v2\/publikacje\/49951\/revisions\/50097"}],"wp:featuredmedia":[{"embeddable":true,"href":"https:\/\/itech.lukasiewicz.gov.pl\/en\/wp-json\/wp\/v2\/media\/59186"}],"wp:attachment":[{"href":"https:\/\/itech.lukasiewicz.gov.pl\/en\/wp-json\/wp\/v2\/media?parent=49951"}],"wp:term":[{"taxonomy":"obszary","embeddable":true,"href":"https:\/\/itech.lukasiewicz.gov.pl\/en\/wp-json\/wp\/v2\/obszary?post=49951"},{"taxonomy":"typ-publikacji","embeddable":true,"href":"https:\/\/itech.lukasiewicz.gov.pl\/en\/wp-json\/wp\/v2\/typ-publikacji?post=49951"}],"curies":[{"name":"wp","href":"https:\/\/api.w.org\/{rel}","templated":true}]}}

ReConnect. Higiena cyfrowa dzieci i młodzieży. Wybrane programy edukacyjne oraz kampanie społeczne

<p>💬 Z raportu &#8220;Nastolatki 3.0&#8221; NASK wynika, że młodzież w Polsce korzysta z internetu średnio 5 godz. 36 min dziennie w dni powszednie, a w weekendy nawet 6 godz. 16 min. 📣 Co czwarty nastolatek ma 5–8 kont w mediach społecznościowych, jedna trzecia więcej niż osiem. ⌛ Dzienny czas aktywności w social mediach wynosi przeciętnie [&hellip;]</p>

ReConnect Higiena cyfrowa dzieci i młodzieży. Wybrane programy edukacyjne oraz kampanie społeczne Łukasiewicz - ITECH

Smartfony w szkołach czy zakaz przynoszenia telefonów komórkowych zapewni uczniom bezpieczne dzieciństwo
