{"id":49686,"date":"2025-07-15T09:44:54","date_gmt":"2025-07-15T07:44:54","guid":{"rendered":"https:\/\/itech.lukasiewicz.gov.pl\/?p=49686"},"modified":"2026-03-09T14:50:54","modified_gmt":"2026-03-09T13:50:54","slug":"smartfony-w-szkolach-czy-zakaz-przynoszenia-telefonow-komorkowych-zapewni-uczniom-bezpieczne-dziecinstwo","status":"publish","type":"publikacje","link":"https:\/\/itech.lukasiewicz.gov.pl\/en\/publikacje\/smartfony-w-szkolach-czy-zakaz-przynoszenia-telefonow-komorkowych-zapewni-uczniom-bezpieczne-dziecinstwo\/","title":{"rendered":"Smartfony w szko\u0142ach czy zakaz przynoszenia telefon\u00f3w kom\u00f3rkowych zapewni uczniom bezpieczne dzieci\u0144stwo?"},"excerpt":{"rendered":"<p>\ud83d\udcac W Polsce, wed\u0142ug bada\u0144 CBOS (2025), wi\u0119kszo\u015b\u0107 obywateli popiera wprowadzenie odg\u00f3rnego zakazu smartfon\u00f3w w szko\u0142ach. Jednak czy takie rozwi\u0105zanie rzeczywi\u015bcie rozwi\u0105zuje problem, czy jedynie odwraca uwag\u0119 od szerszego kontekstu? Internet, b\u0119d\u0105cy nieod\u0142\u0105czn\u0105 cz\u0119\u015bci\u0105 codzienno\u015bci, cz\u0119sto okazuje si\u0119 toksycznym \u015brodowiskiem, kt\u00f3re dotyka wszystkich grup wiekowych, w tym dzieci. W obliczu tych wyzwa\u0144 warto zastanowi\u0107 si\u0119, [&hellip;]<\/p>\n","protected":false},"author":257,"featured_media":59183,"template":"","meta":{"_acf_changed":false,"_seopress_robots_primary_cat":"","_seopress_titles_title":"Smartfony w szko\u0142ach czy zakaz przynoszenia telefon\u00f3w kom\u00f3rkowych zapewni uczniom bezpieczne dzieci\u0144stwo","_seopress_titles_desc":"Smartfony w szko\u0142ach czy zakaz przynoszenia telefon\u00f3w kom\u00f3rkowych zapewni uczniom bezpieczne dzieci\u0144stwo","_seopress_robots_index":"","inline_featured_image":false},"obszary":[166,153,152,154,172,160,158,161],"typ-publikacji":[],"class_list":["post-49686","publikacje","type-publikacje","status-publish","has-post-thumbnail","hentry","obszary-atom","obszary-energetyka","obszary-innowacje","obszary-obronnosc","obszary-przemysl-obronny","obszary-startupy","obszary-transfer-technologii","obszary-wodor"],"acf":{"czas_czytania":"3","wyroznij":false,"publications_area_color":"#000000"},"publishpress_future_workflow_manual_trigger":{"enabledWorkflows":[]},"_links":{"self":[{"href":"https:\/\/itech.lukasiewicz.gov.pl\/en\/wp-json\/wp\/v2\/publikacje\/49686","targetHints":{"allow":["GET"]}}],"collection":[{"href":"https:\/\/itech.lukasiewicz.gov.pl\/en\/wp-json\/wp\/v2\/publikacje"}],"about":[{"href":"https:\/\/itech.lukasiewicz.gov.pl\/en\/wp-json\/wp\/v2\/types\/publikacje"}],"author":[{"embeddable":true,"href":"https:\/\/itech.lukasiewicz.gov.pl\/en\/wp-json\/wp\/v2\/users\/257"}],"version-history":[{"count":5,"href":"https:\/\/itech.lukasiewicz.gov.pl\/en\/wp-json\/wp\/v2\/publikacje\/49686\/revisions"}],"predecessor-version":[{"id":59184,"href":"https:\/\/itech.lukasiewicz.gov.pl\/en\/wp-json\/wp\/v2\/publikacje\/49686\/revisions\/59184"}],"wp:featuredmedia":[{"embeddable":true,"href":"https:\/\/itech.lukasiewicz.gov.pl\/en\/wp-json\/wp\/v2\/media\/59183"}],"wp:attachment":[{"href":"https:\/\/itech.lukasiewicz.gov.pl\/en\/wp-json\/wp\/v2\/media?parent=49686"}],"wp:term":[{"taxonomy":"obszary","embeddable":true,"href":"https:\/\/itech.lukasiewicz.gov.pl\/en\/wp-json\/wp\/v2\/obszary?post=49686"},{"taxonomy":"typ-publikacji","embeddable":true,"href":"https:\/\/itech.lukasiewicz.gov.pl\/en\/wp-json\/wp\/v2\/typ-publikacji?post=49686"}],"curies":[{"name":"wp","href":"https:\/\/api.w.org\/{rel}","templated":true}]}}

Smartfony w szkołach czy zakaz przynoszenia telefonów komórkowych zapewni uczniom bezpieczne dzieciństwo?

<p>💬 W Polsce, według badań CBOS (2025), większość obywateli popiera wprowadzenie odgórnego zakazu smartfonów w szkołach. Jednak czy takie rozwiązanie rzeczywiście rozwiązuje problem, czy jedynie odwraca uwagę od szerszego kontekstu? Internet, będący nieodłączną częścią codzienności, często okazuje się toksycznym środowiskiem, które dotyka wszystkich grup wiekowych, w tym dzieci. W obliczu tych wyzwań warto zastanowić się, [&hellip;]</p>

Smartfony w szkołach czy zakaz przynoszenia telefonów komórkowych zapewni uczniom bezpieczne dzieciństwo
